- 6*p - 4. Let x(n) = -9*n**2 - 7*n - 5. Let r(v) = d*x(v) - 6*i(v). What is r(b)?
3
Suppose -5*x + 78 = -18*x. Let v(d) = 3*d - 4. Calculate v(x).
-22
Let n = -1 - -4. Let z(y) = 5*y**n + 5 + y**2 - 6*y**3 + 0. Calculate z(0).
5
Let k(h) = 1 - 12*h**2 + 1 + 1 - h**3 + 6*h**2 + 8*h. Calculate k(-7).
-4
Let i(d) = d**2 - 9*d - 3. Suppose 0 = -8*q + 14*q - 60. What is i(q)?
7
Suppose 0*c + 5*c = -k - 18, -3*c - 15 = 2*k. Let f(y) = -y**3 - y**2 + y + 1. Let p(i) = 4*i**3 + 5*i**2 - 7*i - 4. Let v(q) = 3*f(q) + p(q). Determine v(k).
2
Let o(t) = t - 3*t + 1 + 3*t + 3. Let u be o(-3). Let a(f) = 1 + f + 2*f + 2*f. Determine a(u).
6
Let v(g) = 5*g**3 - 12*g**2 - 12*g - 7. Let u(j) = 4*j**3 - 11*j**2 - 11*j - 6. Let l(w) = 6*u(w) - 5*v(w). What is l(-4)?
-9
Let c(o) = 15*o**3 + 23*o**2 - 9*o - 17. Let s(t) = 7*t**3 + 11*t**2 - 4*t - 8. Suppose 0 = -0*n + 4*n + 24. Let l(g) = n*c(g) + 13*s(g). Give l(-4).
6
Let o = 0 - -1. Let z(x) = x**3 + x. Let g(m) = 8*m**3 - m**2 + 7*m + 1. Let r(v) = o*g(v) - 6*z(v). Let s(k) be the first derivative of r(k). Determine s(1).
5
Let d(f) = 3*f**3 + 2*f + 1. Suppose -3*z = 2*z + 4*u + 1, 2*u = 3*z + 5. Calculate d(z).
-4
Let q(j) = 1 + 3*j + 1 - j + 1. Determine q(-3).
-3
Let g(i) = 3*i**2 + 5. Let w(l) = 4*l**2 + l + 5. Let h(f) = -5*g(f) + 4*w(f). What is h(-5)?
0
Let l = -3 - -6. Suppose -2*j + 22 = 6*v - 3*v, 5*v - 2*j = 10. Let p(f) = -l*f + f + f - v + 10. What is p(0)?
6
Let y = -18 - -19. Let s(t) be the first derivative of -y + 0*t + 1/2*t**2. What is s(1)?
1
Let d(f) = f**2 - 9*f + 7. Suppose -5*b + 17 = 4*v, 0*b + b - 5*v - 15 = 0. Suppose -2*i = 2*m - 18, 0 = b*m + 3*i - 0*i - 37. What is d(m)?
-13
Suppose 4*q - 3 = 3*q. Let l(v) = -3 - v**2 + q + 5*v - 7 + 0. What is l(6)?
-13
Suppose -2*n - 6 = 0, 0 = u - 6*u - 2*n - 26. Let f(d) = -d**3 - 5*d**2 - 3*d - 2. Determine f(u).
-6
Let i = -6 + 8. Let q(p) be the first derivative of 3*p**2/2 + 70. Determine q(i).
6
Let w(h) be the third derivative of h**4/24 + 2*h**2. Suppose -4*a + 6 = -2*b, 3*b + 15 = -2*b - 3*a. What is w(b)?
-3
Let b = -18 - -13. Let f(h) be the second derivative of h**5/60 + h**4/6 - h**3/6 + h**2 - 2*h. Let d(z) be the first derivative of f(z). Determine d(b).
4
Let p(o) = o**2 - 8*o + 1. Let r(m) = 3*m**2 - 17*m + 2. Let w(h) = -5*p(h) + 2*r(h). Determine w(-6).
-1
Let l(i) = i**2 + 4*i + 1. Let s be l(-5). Suppose -3*t - 45 = -s*t. Suppose 5*y - t = -0*y. Let v(d) = d**3 - 2*d**2 - 5*d + 3. What is v(y)?
-3
Let p(v) = 284*v**2 - 1 - 562*v**2 + 282*v**2 - v. Determine p(2).
13
Let g be 2 + (0 + 0 - 0). Let c(r) = 0 + 1 - 3*r - g*r. Let n be 1/(3 + -2)*2. Calculate c(n).
-9
Let v(d) = -15*d**2 - 17*d - 9. Let q(c) = 7*c**2 + 8*c + 4. Let b(y) = -13*q(y) - 6*v(y). Give b(2).
-6
Suppose 2*m - 18 = 5*m. Let d(g) = -2*g. Calculate d(m).
12
Let c(g) = -3*g**3 - 4*g**2 + 4*g - 3. Let q(u) = -u**3 + u**2 + u + 1. Let v(m) = c(m) - 2*q(m). Give v(-6).
-17
Let p(d) = -d**2 - d + 1. Suppose -17 = -5*z - h, z + z - 16 = -5*h. Determine p(z).
-11
Let c(a) = -a**3 - 8*a**2 + a + 1. Let l = 33 - 41. Calculate c(l).
-7
Let w(k) = k**2 - 2*k + 1. Let y = 34 - 32. Determine w(y).
1
Let o(k) = 4*k**3 + k**2 - k + 1. Let u be o(1). Suppose -3*s + 1 = -u. Let q(d) = d - 3 + 3 - s*d - 2. Determine q(5).
-7
Suppose -4*s - b = 29, 4*s - 2*b - 3*b = -23. Let f(w) = w**3 + 6*w**2 - 9*w - 8. Determine f(s).
6
Let x(v) be the third derivative of v**7/5040 + v**6/240 - v**5/20 + 3*v**2. Let i(l) be the third derivative of x(l). Calculate i(-5).
-2
Let o be (-25)/4 + (-2)/(-8). Let d(u) be the first derivative of -u**3/3 - 3*u**2 + 39. Calculate d(o).
0
Suppose v + 3 = 3*t, -3 = -5*v - 0*v - 3*t. Let w be (v - -1 - -14) + 0. Let z(q) = -q - q - 7 + 3*q + w. What is z(-5)?
3
Let b(o) = o**2 + 6*o + 6. Let l(v) = -v**2 - 9*v - 4. Let a be l(-9). What is b(a)?
-2
Let y(j) = -15*j + 9. Let f(g) = -8*g + 5. Let o(r) = -7*f(r) + 4*y(r). Determine o(1).
-3
Let o be (8/(-10))/(-1 + 49/35). Let y(p) = p**2 + 3*p + 1. Calculate y(o).
-1
Let w = -83 - -80. Let x(b) = 3 + 0*b**2 - 2*b**3 + b**3 - 4*b**2 + 3*b. What is x(w)?
-15
Let z be 2/((1*-2)/(-4)). Let d(h) = 2*h**2 - 6 + 8*h**3 + 4*h + h**2 - 9*h**3. Calculate d(z).
-6
Let y(l) = 8*l**2 - 5*l. Let b(q) = 7*q**2 - 5*q. Let z(d) = 7*b(d) - 6*y(d). Suppose 7 = v + 3. Determine z(v).
-4
Suppose 5*v + 35 = -3*c - 2*c, 2*c + 23 = -3*v. Let k(w) = -w**3 - 9*w**2 - 2*w - 3. Calculate k(v).
15
Let j = 0 - -1. Let m(t) = -2*t - 2*t**3 - j - 4*t**2 + 3*t**2 + 0*t**2 - t**2. Calculate m(-1).
1
Let w(g) = 3*g + 6. Let l(j) = 2*j - 1. Let t be l(1). Let q(b) = -5*b**3 + 3*b - 2. Let p be q(t). Give w(p).
-6
Let w(u) = u**3 + 7*u**2 + 9*u - 6. Let m(t) = t**3 + 7*t**2 + 8*t - 5. Let x(v) = 5*m(v) - 4*w(v). What is x(-5)?
29
Let z(r) = r**3 - r**2 + r - 4. Suppose 0 = -2*g - 0*g + 42. Suppose 5*y - 1 = -3*h - g, -5*y = 20. What is z(h)?
-4
Let c(q) be the third derivative of -q**4/24 + 5*q**3/3 - 13*q**2. Give c(10).
0
Let c(g) = -8*g + 1. Let q(n) = -n. Let u(p) = -p**2. Let m(z) = -q(z) - u(z). Let h(w) = c(w) + 2*m(w). Give h(4).
9
Let f(q) = 11 + 9*q**2 + 2*q**3 - 3*q**3 + 0*q - 10*q. Let o be f(8). Let i(h) = -h**2 - 7*h - 3. What is i(o)?
7
Let w = -3 + 6. Suppose -14 = w*o + 1. Let n(g) = -3*g + 11 - 4 + 3*g + g. What is n(o)?
2
Let l = -1 - 0. Let a be ((8 - 3)*l)/1. Let w(b) = b**3 + 4*b**2 - 6*b - 5. Give w(a).
0
Let j(l) = -5*l**3 - 21*l**2 + 7*l - 5. Let s(x) = 3*x**3 + 11*x**2 - 3*x + 2. Let p(t) = 4*j(t) + 7*s(t). What is p(6)?
0
Let m(a) = a**2 - 3*a + 4. Let y be m(4). Suppose 3*r - y*r + 10 = 0. Let i(s) be the third derivative of s**4/8 - s**3/3 - s**2. Calculate i(r).
4
Let y(x) = 2*x - 5. Let l(i) = -i**3 + 13*i**2 + 14*i + 4. Let n be l(14). Calculate y(n).
3
Let m(w) = -3*w + 3. Let h(y) be the second derivative of -13*y**3/6 + 6*y**2 - 2*y. Let o(l) = 2*h(l) - 9*m(l). What is o(-7)?
-10
Let g(k) = -k + 14. Let v(s) = 3*s - 29. Let b(n) = -5*g(n) - 2*v(n). Give b(-6).
-6
Suppose -2*m - a - 3 = -1, -5*m = 4*a + 11. Let o be -2 + m - (2 + 3). Let q(d) = -d - 7. Determine q(o).
-1
Let l(h) = 2*h - h - 4*h**3 - 2*h**3. Suppose 5*s - 10 = 5*n, 3*s = -n + s - 17. Let r = -6 - n. Determine l(r).
-5
Let m be (-858)/(-231) + (-1)/((-7)/2). Let l(n) = 9 - 2 - 6*n + n**2 - 1. What is l(m)?
-2
Suppose -32 = -q - 37. Let n(d) = 5*d**3 - 10*d**2 + 5*d + 6. Let o(v) = -4*v**3 + 9*v**2 - 5*v - 6. Let m(g) = -5*n(g) - 6*o(g). Give m(q).
6
Let f be (-12)/54 + 130/18. Let b be f*((2 - 3) + 6). Let a(v) = b*v + 3*v**2 - 5*v**2 - 32*v. Determine a(2).
-2
Let j(v) = 13*v + 10. Let x(p) = 6*p + 5. Let z(r) = 2*j(r) - 5*x(r). Suppose -32 = 5*c - 7. Let b(g) = 2*g + 2. Let q(u) = c*b(u) - 3*z(u). Determine q(-4).
-3
Let z = -45 + 41. Let x(o) be the first derivative of o**2/2 - 3*o + 2. Give x(z).
-7
Let h be (-28)/(-8)*-1*-2. Let u = h + -5. Let f(t) = -t**3 - t**2 - t - 1. Let b(a) = -a**3 + 2*a**2 + 3*a + 1. Let r(m) = b(m) + f(m). Give r(u).
-8
Let n(x) = 1 - 2 - x + 0. Let i(m) = -4*m**3 - 2*m - 1. Let c be i(-1). Suppose g = 2*u + 5 - 2, g - c*u = 0. Calculate n(g).
-6
Let z(h) be the first derivative of -h**4/4 + 10*h**3/3 + 5*h + 31. Give z(10).
5
Let x(q) = -q**3 - 5*q**2 + q + 6. Let o be x(-5). Let y(j) = -9*j**3 + j**2. Give y(o).
-8
Suppose 3*m + 0*m - 3*w = -21, -5*w - 1 = m. Let k(b) = -b**3 - 5*b**2 + 3*b - 2. Give k(m).
16
Let g(l) be the first derivative of -l**2/2 + 6*l - 8. Calculate g(8).
-2
Let u = 3 + -1. Let i(y) = 10 - 4*y - 4*y**3 - 9 + u*y**2 - y**2. Let f(d) = 4*d**3 - d**2 + 5*d - 1. Let h(c) = 2*f(c) + 3*i(c). Give h(1).
-4
Let m(s) = -3*s + 0 + 5 - 4 + 2*s. Let f = -7 - -6. Give m(f).
2
Suppose 3*m - 13 = -4. Let z be 2 - 0/(m + -1). Let c(p) = -13*p + 2. Let s(o) = 7*o - 1. Let t(r) = -6*c(r) - 11*s(r). What is t(z)?
1
Let s(q) = -19*q + 6. Let b(v) = 10*v - 3. Let z(r) = -11*b(r) - 6*s(r). Let a = -7 - -9. Give z(a).
5
Let w(u) = -5*u + 4*u - 5 - u**3 + 2 - 3*u**2. Suppose c - 8 = -5*v + 6, 4 = v - c. Suppose 5*o + 2*z + 2 = -3, -6 = -v*o - 3*z. Give w(o).
0
Suppose -3*w + 0*w - 12 = h, 4 = 2*h - w. Let t(i) = -6*i**2 - i + 4. Let d(y) = -5*y**2 - y + 3. Let u(n) = 7*d(n) - 6*t(n). Determine u(h).
-3
Let x = 21 - 15. Let n(m) = -2*m**3. Let q be n(-1). Suppose -5*h - 28 = q*a, 2*h - x*h + a - 12 = 0.